{"id":133,"date":"2019-01-18T16:11:06","date_gmt":"2019-01-18T15:11:06","guid":{"rendered":"http:\/\/norrskenetibyn.se\/?page_id=133"},"modified":"2025-10-01T10:04:17","modified_gmt":"2025-10-01T08:04:17","slug":"vi-som-jobbar-har-3","status":"publish","type":"page","link":"https:\/\/norrskenetibyn.se\/?page_id=133","title":{"rendered":"Vi som jobbar h\u00e4r"},"content":{"rendered":"\n<p>Vi som jobbar h\u00e4r heter Emma, Anna, Nadja, Mona och Evelina. Vi har tillsammans en bred kompetens som f\u00f6rskoll\u00e4rare och barnsk\u00f6tare. Vi brinner f\u00f6r att barnen ska ha det bra hos oss och trivas med de dagliga rutinerna och den pedagogiska verksamheten.<\/p>\n\n\n\n<p><\/p>\n\n\n\n<p>Fr\u00e5gor ang\u00e5ende placering av barn hos oss besvaras av rektor\/huvudman Emma Falk eller huvudman\/f\u00f6rskoll\u00e4rare Anna Edlund, som n\u00e5s p\u00e5 telefon 073-0796683, eller e-post: emma@norrskenetibyn.se och anna@norrskenetibyn.se<\/p>\n\n\n\n<figure class=\"wp-block-image size-large\"><img loading=\"lazy\" decoding=\"async\" width=\"1530\" height=\"1673\" src=\"https:\/\/norrskenetibyn.se\/wp-content\/uploads\/2025\/10\/Arbetslag-hoppa-edited.jpg\" alt=\"\" class=\"wp-image-418\" srcset=\"https:\/\/norrskenetibyn.se\/wp-content\/uploads\/2025\/10\/Arbetslag-hoppa-edited.jpg 1530w, https:\/\/norrskenetibyn.se\/wp-content\/uploads\/2025\/10\/Arbetslag-hoppa-edited-274x300.jpg 274w, https:\/\/norrskenetibyn.se\/wp-content\/uploads\/2025\/10\/Arbetslag-hoppa-edited-936x1024.jpg 936w, https:\/\/norrskenetibyn.se\/wp-content\/uploads\/2025\/10\/Arbetslag-hoppa-edited-768x840.jpg 768w, https:\/\/norrskenetibyn.se\/wp-content\/uploads\/2025\/10\/Arbetslag-hoppa-edited-1405x1536.jpg 1405w\" sizes=\"auto, (max-width: 767px) 89vw, (max-width: 1000px) 54vw, (max-width: 1071px) 543px, 580px\" \/><\/figure>\n","protected":false},"excerpt":{"rendered":"<p>Vi som jobbar h\u00e4r heter Emma, Anna, Nadja, Mona och Evelina. Vi har tillsammans en bred kompetens som f\u00f6rskoll\u00e4rare och barnsk\u00f6tare. Vi brinner f\u00f6r att barnen ska ha det bra hos oss och trivas med de dagliga rutinerna och den pedagogiska verksamheten. Fr\u00e5gor ang\u00e5ende placering av barn hos oss besvaras av rektor\/huvudman Emma Falk eller &hellip; <\/p>\n<p class=\"link-more\"><a href=\"https:\/\/norrskenetibyn.se\/?page_id=133\" class=\"more-link\">Forts\u00e4tt l\u00e4sa<span class=\"screen-reader-text\"> \u201dVi som jobbar h\u00e4r\u201d<\/span><\/a><\/p>\n","protected":false},"author":1,"featured_media":0,"parent":0,"menu_order":0,"comment_status":"closed","ping_status":"closed","template":"","meta":{"footnotes":""},"class_list":["post-133","page","type-page","status-publish","hentry"],"_links":{"self":[{"href":"https:\/\/norrskenetibyn.se\/index.php?rest_route=\/wp\/v2\/pages\/133","targetHints":{"allow":["GET"]}}],"collection":[{"href":"https:\/\/norrskenetibyn.se\/index.php?rest_route=\/wp\/v2\/pages"}],"about":[{"href":"https:\/\/norrskenetibyn.se\/index.php?rest_route=\/wp\/v2\/types\/page"}],"author":[{"embeddable":true,"href":"https:\/\/norrskenetibyn.se\/index.php?rest_route=\/wp\/v2\/users\/1"}],"replies":[{"embeddable":true,"href":"https:\/\/norrskenetibyn.se\/index.php?rest_route=%2Fwp%2Fv2%2Fcomments&post=133"}],"version-history":[{"count":14,"href":"https:\/\/norrskenetibyn.se\/index.php?rest_route=\/wp\/v2\/pages\/133\/revisions"}],"predecessor-version":[{"id":419,"href":"https:\/\/norrskenetibyn.se\/index.php?rest_route=\/wp\/v2\/pages\/133\/revisions\/419"}],"wp:attachment":[{"href":"https:\/\/norrskenetibyn.se\/index.php?rest_route=%2Fwp%2Fv2%2Fmedia&parent=133"}],"curies":[{"name":"wp","href":"https:\/\/api.w.org\/{rel}","templated":true}]}}